{"id":11615,"date":"2025-01-12T13:43:33","date_gmt":"2025-01-12T12:43:33","guid":{"rendered":"https:\/\/www.cosmosverlag.ch\/fachmedien\/?post_type=product&#038;p=11615"},"modified":"2025-07-16T13:30:04","modified_gmt":"2025-07-16T11:30:04","slug":"bundesgesetz-ueber-die-mehrwertsteuer-mwstg-loi-federale-regissant-la-taxe-sur-la-valeur-ajoutee-ltva-kommentar-zum-schweiz-steuerrecht","status":"publish","type":"product","link":"https:\/\/www.cosmosverlag.ch\/fachmedien\/produkt\/bundesgesetz-ueber-die-mehrwertsteuer-mwstg-loi-federale-regissant-la-taxe-sur-la-valeur-ajoutee-ltva-kommentar-zum-schweiz-steuerrecht\/","title":{"rendered":"Bundesgesetz \u00fcber die Mehrwertsteuer (MWSTG) \/ Loi f\u00e9d\u00e9rale r\u00e9gissant la taxe sur la valeur ajout\u00e9e (LTVA)"},"content":{"rendered":"<p>Als solide Arbeits- und Entscheidungsgrundlage f&uuml;r h&ouml;chste Anspr&uuml;che hat sich der Kommentar zum Schweizerischen Steuerrecht bereits mit dem Erscheinen der ersten B&auml;nde in der Beratungspraxis durchgesetzt. Das j&uuml;ngste Werk der gleichnamigen Reihe erl&auml;utert in zweiter Auflage das Mehrwertsteuergesetz.<br>\nDie Mehrwertsteuer ist als allgemeine Verbrauchssteuer omnipr&auml;sent. So einfach ihr Grundsystem dabei eigentlich w&auml;re, so komplex erweist sich die Anwendung im Alltag. Zahlreiche Ausnahmen und vorzunehmende Abgrenzungen geben laufend Anlass zu schwierigen Fragen, welche aufgrund der grunds&auml;tzlich nach wie vor bestehenden Selbstveranlagung vorab durch die Steuerpflichtigen selbst beantwortet werden m&uuml;ssen.<br>\nDas Werk bietet Erl&auml;uterungen auf aktuellstem Stand inkl. der auf den 1. Januar 2025 in Kraft tretenden &Auml;nderungen des Mehrwertsteuergesetzes und stellt ein Kompetenz-Team aus f&uuml;hrenden Expertinnen und Experten des Mehrwertsteuerrechts an Ihre Seite. Es verschafft den &Uuml;berblick durch eine umfangreiche Einleitung und erleichtert die Orientierung durch eine klare Darstellung sowie ein umfangreiches Stichwortverzeichnis.<\/p><p>&nbsp;<\/p><p>Zu diesem Werk ist in der Steuer Revue 7-8\/2025 eine Rezension erschienen:<br>\n<em>&laquo;Der Kommentar ist &ndash; wie seine Vorg&auml;nger &ndash; ein unerl&auml;ssliches Arbeitsinstrument und eine Quelle von Referenzen und Anregungen f&uuml;r den erfahreneren Mehrwertsteueranwender. In seiner umfassenden Art bestehen keine Alternativen zu diesem Kommentar.&raquo;<\/em><br>\n<a href=\"https:\/\/steuerportal.ch\/fachartikel\/rezension-bundesgesetz-ueber-die-mehrwertsteuer-loi-federale-regissant-la-taxe-sur-la-valeur-ajoutee\/\">https:\/\/steuerportal.ch\/fachartikel\/rezension-bundesgesetz-ueber-die-mehrwertsteuer-loi-federale-regissant-la-taxe-sur-la-valeur-ajoutee\/<\/a><\/p>\n","protected":false},"excerpt":{"rendered":"<p>Als solide Arbeits- und Entscheidungsgrundlage f&uuml;r h&ouml;chste Anspr&uuml;che hat sich der Kommentar zum Schweizerischen Steuerrecht bereits mit dem Erscheinen der ersten B&auml;nde in der Beratungspraxis durchgesetzt. Das j&uuml;ngste Werk der gleichnamigen Reihe erl&auml;utert in zweiter Auflage das Mehrwertsteuergesetz. Die Mehrwertsteuer ist als allgemeine Verbrauchssteuer omnipr&auml;sent. So einfach ihr Grundsystem dabei eigentlich w&auml;re, so komplex erweist sich die Anwendung im&hellip;<\/p>\n","protected":false},"featured_media":11656,"template":"","meta":{"_acf_changed":false},"product_brand":[],"product_cat":[28,24],"product_tag":[442],"class_list":{"0":"post-11615","1":"product","2":"type-product","3":"status-publish","4":"has-post-thumbnail","6":"product_cat-mehrwertsteuer","7":"product_cat-steuern","8":"product_tag-mit-rezension","10":"first","11":"instock","12":"taxable","13":"shipping-taxable","14":"purchasable","15":"product-type-simple"},"acf":[],"yoast_head":"<!-- This site is optimized with the Yoast SEO plugin v27.4 - https:\/\/yoast.com\/product\/yoast-seo-wordpress\/ -->\n<title>Bundesgesetz \u00fcber die Mehrwertsteuer (MWSTG) \/ Loi f\u00e9d\u00e9rale r\u00e9gissant la taxe sur la valeur ajout\u00e9e (LTVA) - Cosmos Verlag - Fachmedien &amp; Bildung<\/title>\n<meta name=\"robots\" content=\"index, follow, max-snippet:-1, max-image-preview:large, max-video-preview:-1\" \/>\n<link rel=\"canonical\" href=\"https:\/\/www.cosmosverlag.ch\/fachmedien\/produkt\/bundesgesetz-ueber-die-mehrwertsteuer-mwstg-loi-federale-regissant-la-taxe-sur-la-valeur-ajoutee-ltva-kommentar-zum-schweiz-steuerrecht\/\" \/>\n<meta property=\"og:locale\" content=\"de_DE\" \/>\n<meta property=\"og:type\" content=\"article\" \/>\n<meta property=\"og:title\" content=\"Bundesgesetz \u00fcber die Mehrwertsteuer (MWSTG) \/ Loi f\u00e9d\u00e9rale r\u00e9gissant la taxe sur la valeur ajout\u00e9e (LTVA) - Cosmos Verlag - Fachmedien &amp; Bildung\" \/>\n<meta property=\"og:description\" content=\"Als solide Arbeits- und Entscheidungsgrundlage f&uuml;r h&ouml;chste Anspr&uuml;che hat sich der Kommentar zum Schweizerischen Steuerrecht bereits mit dem Erscheinen der ersten B&auml;nde in der Beratungspraxis durchgesetzt. Das j&uuml;ngste Werk der gleichnamigen Reihe erl&auml;utert in zweiter Auflage das Mehrwertsteuergesetz. Die Mehrwertsteuer ist als allgemeine Verbrauchssteuer omnipr&auml;sent. So einfach ihr Grundsystem dabei eigentlich w&auml;re, so komplex erweist sich die Anwendung im&hellip;\" \/>\n<meta property=\"og:url\" content=\"https:\/\/www.cosmosverlag.ch\/fachmedien\/produkt\/bundesgesetz-ueber-die-mehrwertsteuer-mwstg-loi-federale-regissant-la-taxe-sur-la-valeur-ajoutee-ltva-kommentar-zum-schweiz-steuerrecht\/\" \/>\n<meta property=\"og:site_name\" content=\"Cosmos Verlag - Fachmedien &amp; Bildung\" \/>\n<meta property=\"article:modified_time\" content=\"2025-07-16T11:30:04+00:00\" \/>\n<meta property=\"og:image\" content=\"https:\/\/www.cosmosverlag.ch\/fachmedien\/wp-content\/uploads\/sites\/2\/2024\/08\/7190-4672-9-Komm.BG-MWST.jpg\" \/>\n\t<meta property=\"og:image:width\" content=\"800\" \/>\n\t<meta property=\"og:image:height\" content=\"1209\" \/>\n\t<meta property=\"og:image:type\" content=\"image\/jpeg\" \/>\n<meta name=\"twitter:card\" content=\"summary_large_image\" \/>\n<meta name=\"twitter:site\" content=\"@cosmosverlag\" \/>\n<meta name=\"twitter:label1\" content=\"Gesch\u00e4tzte Lesezeit\" \/>\n\t<meta name=\"twitter:data1\" content=\"2\u00a0Minuten\" \/>\n<script type=\"application\/ld+json\" class=\"yoast-schema-graph\">{\"@context\":\"https:\\\/\\\/schema.org\",\"@graph\":[{\"@type\":\"WebPage\",\"@id\":\"https:\\\/\\\/www.cosmosverlag.ch\\\/fachmedien\\\/produkt\\\/bundesgesetz-ueber-die-mehrwertsteuer-mwstg-loi-federale-regissant-la-taxe-sur-la-valeur-ajoutee-ltva-kommentar-zum-schweiz-steuerrecht\\\/\",\"url\":\"https:\\\/\\\/www.cosmosverlag.ch\\\/fachmedien\\\/produkt\\\/bundesgesetz-ueber-die-mehrwertsteuer-mwstg-loi-federale-regissant-la-taxe-sur-la-valeur-ajoutee-ltva-kommentar-zum-schweiz-steuerrecht\\\/\",\"name\":\"Bundesgesetz \u00fcber die Mehrwertsteuer (MWSTG) \\\/ Loi f\u00e9d\u00e9rale r\u00e9gissant la taxe sur la valeur ajout\u00e9e (LTVA) - Cosmos Verlag - Fachmedien &amp; Bildung\",\"isPartOf\":{\"@id\":\"https:\\\/\\\/www.cosmosverlag.ch\\\/fachmedien\\\/#website\"},\"primaryImageOfPage\":{\"@id\":\"https:\\\/\\\/www.cosmosverlag.ch\\\/fachmedien\\\/produkt\\\/bundesgesetz-ueber-die-mehrwertsteuer-mwstg-loi-federale-regissant-la-taxe-sur-la-valeur-ajoutee-ltva-kommentar-zum-schweiz-steuerrecht\\\/#primaryimage\"},\"image\":{\"@id\":\"https:\\\/\\\/www.cosmosverlag.ch\\\/fachmedien\\\/produkt\\\/bundesgesetz-ueber-die-mehrwertsteuer-mwstg-loi-federale-regissant-la-taxe-sur-la-valeur-ajoutee-ltva-kommentar-zum-schweiz-steuerrecht\\\/#primaryimage\"},\"thumbnailUrl\":\"https:\\\/\\\/www.cosmosverlag.ch\\\/fachmedien\\\/wp-content\\\/uploads\\\/sites\\\/2\\\/2024\\\/08\\\/7190-4672-9-Komm.BG-MWST.jpg\",\"datePublished\":\"2025-01-12T12:43:33+00:00\",\"dateModified\":\"2025-07-16T11:30:04+00:00\",\"breadcrumb\":{\"@id\":\"https:\\\/\\\/www.cosmosverlag.ch\\\/fachmedien\\\/produkt\\\/bundesgesetz-ueber-die-mehrwertsteuer-mwstg-loi-federale-regissant-la-taxe-sur-la-valeur-ajoutee-ltva-kommentar-zum-schweiz-steuerrecht\\\/#breadcrumb\"},\"inLanguage\":\"de-CH\",\"potentialAction\":[{\"@type\":\"ReadAction\",\"target\":[\"https:\\\/\\\/www.cosmosverlag.ch\\\/fachmedien\\\/produkt\\\/bundesgesetz-ueber-die-mehrwertsteuer-mwstg-loi-federale-regissant-la-taxe-sur-la-valeur-ajoutee-ltva-kommentar-zum-schweiz-steuerrecht\\\/\"]}]},{\"@type\":\"ImageObject\",\"inLanguage\":\"de-CH\",\"@id\":\"https:\\\/\\\/www.cosmosverlag.ch\\\/fachmedien\\\/produkt\\\/bundesgesetz-ueber-die-mehrwertsteuer-mwstg-loi-federale-regissant-la-taxe-sur-la-valeur-ajoutee-ltva-kommentar-zum-schweiz-steuerrecht\\\/#primaryimage\",\"url\":\"https:\\\/\\\/www.cosmosverlag.ch\\\/fachmedien\\\/wp-content\\\/uploads\\\/sites\\\/2\\\/2024\\\/08\\\/7190-4672-9-Komm.BG-MWST.jpg\",\"contentUrl\":\"https:\\\/\\\/www.cosmosverlag.ch\\\/fachmedien\\\/wp-content\\\/uploads\\\/sites\\\/2\\\/2024\\\/08\\\/7190-4672-9-Komm.BG-MWST.jpg\",\"width\":800,\"height\":1209},{\"@type\":\"BreadcrumbList\",\"@id\":\"https:\\\/\\\/www.cosmosverlag.ch\\\/fachmedien\\\/produkt\\\/bundesgesetz-ueber-die-mehrwertsteuer-mwstg-loi-federale-regissant-la-taxe-sur-la-valeur-ajoutee-ltva-kommentar-zum-schweiz-steuerrecht\\\/#breadcrumb\",\"itemListElement\":[{\"@type\":\"ListItem\",\"position\":1,\"name\":\"Startseite\",\"item\":\"https:\\\/\\\/www.cosmosverlag.ch\\\/fachmedien\\\/\"},{\"@type\":\"ListItem\",\"position\":2,\"name\":\"Alle Produkte\",\"item\":\"https:\\\/\\\/www.cosmosverlag.ch\\\/fachmedien\\\/produkte\\\/\"},{\"@type\":\"ListItem\",\"position\":3,\"name\":\"Bundesgesetz \u00fcber die Mehrwertsteuer (MWSTG) \\\/ Loi f\u00e9d\u00e9rale r\u00e9gissant la taxe sur la valeur ajout\u00e9e (LTVA)\"}]},{\"@type\":\"WebSite\",\"@id\":\"https:\\\/\\\/www.cosmosverlag.ch\\\/fachmedien\\\/#website\",\"url\":\"https:\\\/\\\/www.cosmosverlag.ch\\\/fachmedien\\\/\",\"name\":\"Cosmos Verlag - Fachmedien &amp; Bildung\",\"description\":\"Steuern, Recht und Wirtschaft\",\"publisher\":{\"@id\":\"https:\\\/\\\/www.cosmosverlag.ch\\\/fachmedien\\\/#organization\"},\"potentialAction\":[{\"@type\":\"SearchAction\",\"target\":{\"@type\":\"EntryPoint\",\"urlTemplate\":\"https:\\\/\\\/www.cosmosverlag.ch\\\/fachmedien\\\/?s={search_term_string}\"},\"query-input\":{\"@type\":\"PropertyValueSpecification\",\"valueRequired\":true,\"valueName\":\"search_term_string\"}}],\"inLanguage\":\"de-CH\"},{\"@type\":\"Organization\",\"@id\":\"https:\\\/\\\/www.cosmosverlag.ch\\\/fachmedien\\\/#organization\",\"name\":\"Cosmos Verlag\",\"url\":\"https:\\\/\\\/www.cosmosverlag.ch\\\/fachmedien\\\/\",\"logo\":{\"@type\":\"ImageObject\",\"inLanguage\":\"de-CH\",\"@id\":\"https:\\\/\\\/www.cosmosverlag.ch\\\/fachmedien\\\/#\\\/schema\\\/logo\\\/image\\\/\",\"url\":\"\",\"contentUrl\":\"\",\"caption\":\"Cosmos Verlag\"},\"image\":{\"@id\":\"https:\\\/\\\/www.cosmosverlag.ch\\\/fachmedien\\\/#\\\/schema\\\/logo\\\/image\\\/\"},\"sameAs\":[\"https:\\\/\\\/x.com\\\/cosmosverlag\",\"https:\\\/\\\/www.linkedin.com\\\/company\\\/cosmos-verlag-ag\",\"https:\\\/\\\/de.wikipedia.org\\\/wiki\\\/Cosmos-Verlag\"]}]}<\/script>\n<!-- \/ Yoast SEO plugin. -->","yoast_head_json":{"title":"Bundesgesetz \u00fcber die Mehrwertsteuer (MWSTG) \/ Loi f\u00e9d\u00e9rale r\u00e9gissant la taxe sur la valeur ajout\u00e9e (LTVA) - Cosmos Verlag - Fachmedien &amp; Bildung","robots":{"index":"index","follow":"follow","max-snippet":"max-snippet:-1","max-image-preview":"max-image-preview:large","max-video-preview":"max-video-preview:-1"},"canonical":"https:\/\/www.cosmosverlag.ch\/fachmedien\/produkt\/bundesgesetz-ueber-die-mehrwertsteuer-mwstg-loi-federale-regissant-la-taxe-sur-la-valeur-ajoutee-ltva-kommentar-zum-schweiz-steuerrecht\/","og_locale":"de_DE","og_type":"article","og_title":"Bundesgesetz \u00fcber die Mehrwertsteuer (MWSTG) \/ Loi f\u00e9d\u00e9rale r\u00e9gissant la taxe sur la valeur ajout\u00e9e (LTVA) - Cosmos Verlag - Fachmedien &amp; Bildung","og_description":"Als solide Arbeits- und Entscheidungsgrundlage f&uuml;r h&ouml;chste Anspr&uuml;che hat sich der Kommentar zum Schweizerischen Steuerrecht bereits mit dem Erscheinen der ersten B&auml;nde in der Beratungspraxis durchgesetzt. Das j&uuml;ngste Werk der gleichnamigen Reihe erl&auml;utert in zweiter Auflage das Mehrwertsteuergesetz. Die Mehrwertsteuer ist als allgemeine Verbrauchssteuer omnipr&auml;sent. So einfach ihr Grundsystem dabei eigentlich w&auml;re, so komplex erweist sich die Anwendung im&hellip;","og_url":"https:\/\/www.cosmosverlag.ch\/fachmedien\/produkt\/bundesgesetz-ueber-die-mehrwertsteuer-mwstg-loi-federale-regissant-la-taxe-sur-la-valeur-ajoutee-ltva-kommentar-zum-schweiz-steuerrecht\/","og_site_name":"Cosmos Verlag - Fachmedien &amp; Bildung","article_modified_time":"2025-07-16T11:30:04+00:00","og_image":[{"width":800,"height":1209,"url":"https:\/\/www.cosmosverlag.ch\/fachmedien\/wp-content\/uploads\/sites\/2\/2024\/08\/7190-4672-9-Komm.BG-MWST.jpg","type":"image\/jpeg"}],"twitter_card":"summary_large_image","twitter_site":"@cosmosverlag","twitter_misc":{"Gesch\u00e4tzte Lesezeit":"2\u00a0Minuten"},"schema":{"@context":"https:\/\/schema.org","@graph":[{"@type":"WebPage","@id":"https:\/\/www.cosmosverlag.ch\/fachmedien\/produkt\/bundesgesetz-ueber-die-mehrwertsteuer-mwstg-loi-federale-regissant-la-taxe-sur-la-valeur-ajoutee-ltva-kommentar-zum-schweiz-steuerrecht\/","url":"https:\/\/www.cosmosverlag.ch\/fachmedien\/produkt\/bundesgesetz-ueber-die-mehrwertsteuer-mwstg-loi-federale-regissant-la-taxe-sur-la-valeur-ajoutee-ltva-kommentar-zum-schweiz-steuerrecht\/","name":"Bundesgesetz \u00fcber die Mehrwertsteuer (MWSTG) \/ Loi f\u00e9d\u00e9rale r\u00e9gissant la taxe sur la valeur ajout\u00e9e (LTVA) - Cosmos Verlag - Fachmedien &amp; Bildung","isPartOf":{"@id":"https:\/\/www.cosmosverlag.ch\/fachmedien\/#website"},"primaryImageOfPage":{"@id":"https:\/\/www.cosmosverlag.ch\/fachmedien\/produkt\/bundesgesetz-ueber-die-mehrwertsteuer-mwstg-loi-federale-regissant-la-taxe-sur-la-valeur-ajoutee-ltva-kommentar-zum-schweiz-steuerrecht\/#primaryimage"},"image":{"@id":"https:\/\/www.cosmosverlag.ch\/fachmedien\/produkt\/bundesgesetz-ueber-die-mehrwertsteuer-mwstg-loi-federale-regissant-la-taxe-sur-la-valeur-ajoutee-ltva-kommentar-zum-schweiz-steuerrecht\/#primaryimage"},"thumbnailUrl":"https:\/\/www.cosmosverlag.ch\/fachmedien\/wp-content\/uploads\/sites\/2\/2024\/08\/7190-4672-9-Komm.BG-MWST.jpg","datePublished":"2025-01-12T12:43:33+00:00","dateModified":"2025-07-16T11:30:04+00:00","breadcrumb":{"@id":"https:\/\/www.cosmosverlag.ch\/fachmedien\/produkt\/bundesgesetz-ueber-die-mehrwertsteuer-mwstg-loi-federale-regissant-la-taxe-sur-la-valeur-ajoutee-ltva-kommentar-zum-schweiz-steuerrecht\/#breadcrumb"},"inLanguage":"de-CH","potentialAction":[{"@type":"ReadAction","target":["https:\/\/www.cosmosverlag.ch\/fachmedien\/produkt\/bundesgesetz-ueber-die-mehrwertsteuer-mwstg-loi-federale-regissant-la-taxe-sur-la-valeur-ajoutee-ltva-kommentar-zum-schweiz-steuerrecht\/"]}]},{"@type":"ImageObject","inLanguage":"de-CH","@id":"https:\/\/www.cosmosverlag.ch\/fachmedien\/produkt\/bundesgesetz-ueber-die-mehrwertsteuer-mwstg-loi-federale-regissant-la-taxe-sur-la-valeur-ajoutee-ltva-kommentar-zum-schweiz-steuerrecht\/#primaryimage","url":"https:\/\/www.cosmosverlag.ch\/fachmedien\/wp-content\/uploads\/sites\/2\/2024\/08\/7190-4672-9-Komm.BG-MWST.jpg","contentUrl":"https:\/\/www.cosmosverlag.ch\/fachmedien\/wp-content\/uploads\/sites\/2\/2024\/08\/7190-4672-9-Komm.BG-MWST.jpg","width":800,"height":1209},{"@type":"BreadcrumbList","@id":"https:\/\/www.cosmosverlag.ch\/fachmedien\/produkt\/bundesgesetz-ueber-die-mehrwertsteuer-mwstg-loi-federale-regissant-la-taxe-sur-la-valeur-ajoutee-ltva-kommentar-zum-schweiz-steuerrecht\/#breadcrumb","itemListElement":[{"@type":"ListItem","position":1,"name":"Startseite","item":"https:\/\/www.cosmosverlag.ch\/fachmedien\/"},{"@type":"ListItem","position":2,"name":"Alle Produkte","item":"https:\/\/www.cosmosverlag.ch\/fachmedien\/produkte\/"},{"@type":"ListItem","position":3,"name":"Bundesgesetz \u00fcber die Mehrwertsteuer (MWSTG) \/ Loi f\u00e9d\u00e9rale r\u00e9gissant la taxe sur la valeur ajout\u00e9e (LTVA)"}]},{"@type":"WebSite","@id":"https:\/\/www.cosmosverlag.ch\/fachmedien\/#website","url":"https:\/\/www.cosmosverlag.ch\/fachmedien\/","name":"Cosmos Verlag - Fachmedien &amp; Bildung","description":"Steuern, Recht und Wirtschaft","publisher":{"@id":"https:\/\/www.cosmosverlag.ch\/fachmedien\/#organization"},"potentialAction":[{"@type":"SearchAction","target":{"@type":"EntryPoint","urlTemplate":"https:\/\/www.cosmosverlag.ch\/fachmedien\/?s={search_term_string}"},"query-input":{"@type":"PropertyValueSpecification","valueRequired":true,"valueName":"search_term_string"}}],"inLanguage":"de-CH"},{"@type":"Organization","@id":"https:\/\/www.cosmosverlag.ch\/fachmedien\/#organization","name":"Cosmos Verlag","url":"https:\/\/www.cosmosverlag.ch\/fachmedien\/","logo":{"@type":"ImageObject","inLanguage":"de-CH","@id":"https:\/\/www.cosmosverlag.ch\/fachmedien\/#\/schema\/logo\/image\/","url":"","contentUrl":"","caption":"Cosmos Verlag"},"image":{"@id":"https:\/\/www.cosmosverlag.ch\/fachmedien\/#\/schema\/logo\/image\/"},"sameAs":["https:\/\/x.com\/cosmosverlag","https:\/\/www.linkedin.com\/company\/cosmos-verlag-ag","https:\/\/de.wikipedia.org\/wiki\/Cosmos-Verlag"]}]}},"_links":{"self":[{"href":"https:\/\/www.cosmosverlag.ch\/fachmedien\/wp-json\/wp\/v2\/product\/11615","targetHints":{"allow":["GET"]}}],"collection":[{"href":"https:\/\/www.cosmosverlag.ch\/fachmedien\/wp-json\/wp\/v2\/product"}],"about":[{"href":"https:\/\/www.cosmosverlag.ch\/fachmedien\/wp-json\/wp\/v2\/types\/product"}],"wp:featuredmedia":[{"embeddable":true,"href":"https:\/\/www.cosmosverlag.ch\/fachmedien\/wp-json\/wp\/v2\/media\/11656"}],"wp:attachment":[{"href":"https:\/\/www.cosmosverlag.ch\/fachmedien\/wp-json\/wp\/v2\/media?parent=11615"}],"wp:term":[{"taxonomy":"product_brand","embeddable":true,"href":"https:\/\/www.cosmosverlag.ch\/fachmedien\/wp-json\/wp\/v2\/product_brand?post=11615"},{"taxonomy":"product_cat","embeddable":true,"href":"https:\/\/www.cosmosverlag.ch\/fachmedien\/wp-json\/wp\/v2\/product_cat?post=11615"},{"taxonomy":"product_tag","embeddable":true,"href":"https:\/\/www.cosmosverlag.ch\/fachmedien\/wp-json\/wp\/v2\/product_tag?post=11615"}],"curies":[{"name":"wp","href":"https:\/\/api.w.org\/{rel}","templated":true}]}}